{"id":1045,"date":"2018-01-25T10:02:02","date_gmt":"2018-01-25T09:02:02","guid":{"rendered":"http:\/\/www.vercosrl.it\/lavorazioni-meccaniche\/"},"modified":"2020-08-18T09:13:24","modified_gmt":"2020-08-18T07:13:24","slug":"mechanische-dienstleistungen","status":"publish","type":"page","link":"https:\/\/www.vercosrl.it\/de\/mechanische-dienstleistungen\/","title":{"rendered":"Dienstleistungen"},"content":{"rendered":"<h1>Verarbeitungen<\/h1>\n<p>Jeder Verarbeitungsschritt, vom Entwurf bis zur Endkontrolle, wird intern von unseren Mitarbeitern durchgef\u00fchrt. Dabei werden die neuesten verf\u00fcgbaren Technologien genutzt, sowohl in der Entwurfssoftware als auch in der von den Maschinen durchgef\u00fchrten Berechnung.<\/p>\n<p>Der Auftrag, der durch ein bestimmtes Managementsystem \u00fcberwacht wird, das es erm\u00f6glicht, den Fortschrittsstatus im Griff haben, folgt seinem Weg vom Schnitt bis zur Auslieferung.<\/p>\n","protected":false},"excerpt":{"rendered":"<p>Verarbeitungen Jeder Verarbeitungsschritt, vom Entwurf bis zur Endkontrolle, wird intern von unseren Mitarbeitern durchgef\u00fchrt. Dabei werden die neuesten verf\u00fcgbaren Technologien genutzt, sowohl in der Entwurfssoftware als auch in der von den Maschinen durchgef\u00fchrten [&hellip;]<\/p>\n","protected":false},"author":1,"featured_media":1283,"parent":0,"menu_order":30,"comment_status":"closed","ping_status":"closed","template":"template-lavorazioni.php","meta":[],"yoast_head":"<!-- This site is optimized with the Yoast SEO plugin v15.1 - https:\/\/yoast.com\/wordpress\/plugins\/seo\/ -->\n<meta name=\"robots\" content=\"index, follow, max-snippet:-1, max-image-preview:large, max-video-preview:-1\" \/>\n<link rel=\"canonical\" href=\"https:\/\/www.vercosrl.it\/de\/mechanische-dienstleistungen\/\" \/>\n<meta property=\"og:locale\" content=\"de_DE\" \/>\n<meta property=\"og:type\" content=\"article\" \/>\n<meta property=\"og:title\" content=\"Dienstleistungen - Verco S.r.l. | Benne per escavatori | Pale Caricatrici | Brescia\" \/>\n<meta property=\"og:description\" content=\"Verarbeitungen Jeder Verarbeitungsschritt, vom Entwurf bis zur Endkontrolle, wird intern von unseren Mitarbeitern durchgef\u00fchrt. Dabei werden die neuesten verf\u00fcgbaren Technologien genutzt, sowohl in der Entwurfssoftware als auch in der von den Maschinen durchgef\u00fchrten [&hellip;]\" \/>\n<meta property=\"og:url\" content=\"https:\/\/www.vercosrl.it\/de\/mechanische-dienstleistungen\/\" \/>\n<meta property=\"og:site_name\" content=\"Verco S.r.l. | Benne per escavatori | Pale Caricatrici | Brescia\" \/>\n<meta property=\"article:modified_time\" content=\"2020-08-18T07:13:24+00:00\" \/>\n<meta property=\"og:image\" content=\"https:\/\/www.vercosrl.it\/content\/uploads\/2020\/08\/lavorazioni-meccaniche-benne-acciaio.jpg\" \/>\n\t<meta property=\"og:image:width\" content=\"1980\" \/>\n\t<meta property=\"og:image:height\" content=\"1020\" \/>\n<meta name=\"twitter:card\" content=\"summary_large_image\" \/>\n<script type=\"application\/ld+json\" class=\"yoast-schema-graph\">{\"@context\":\"https:\/\/schema.org\",\"@graph\":[{\"@type\":\"WebSite\",\"@id\":\"https:\/\/www.vercosrl.it\/de\/#website\",\"url\":\"https:\/\/www.vercosrl.it\/de\/\",\"name\":\"Verco S.r.l. | Benne per escavatori | Pale Caricatrici | Brescia\",\"description\":\"Produzione Benne per Escavatori, Pale Caricatrici, Macchine Demolizione\",\"potentialAction\":[{\"@type\":\"SearchAction\",\"target\":\"https:\/\/www.vercosrl.it\/de\/?s={search_term_string}\",\"query-input\":\"required name=search_term_string\"}],\"inLanguage\":\"de-DE\"},{\"@type\":\"ImageObject\",\"@id\":\"https:\/\/www.vercosrl.it\/de\/mechanische-dienstleistungen\/#primaryimage\",\"inLanguage\":\"de-DE\",\"url\":\"https:\/\/www.vercosrl.it\/content\/uploads\/2020\/08\/lavorazioni-meccaniche-benne-acciaio.jpg\",\"width\":1980,\"height\":1020,\"caption\":\"Lavorazioni piegatura acciaio per realizzazione benne movimento terra e roccia\"},{\"@type\":\"WebPage\",\"@id\":\"https:\/\/www.vercosrl.it\/de\/mechanische-dienstleistungen\/#webpage\",\"url\":\"https:\/\/www.vercosrl.it\/de\/mechanische-dienstleistungen\/\",\"name\":\"Dienstleistungen - Verco S.r.l. | Benne per escavatori | Pale Caricatrici | Brescia\",\"isPartOf\":{\"@id\":\"https:\/\/www.vercosrl.it\/de\/#website\"},\"primaryImageOfPage\":{\"@id\":\"https:\/\/www.vercosrl.it\/de\/mechanische-dienstleistungen\/#primaryimage\"},\"datePublished\":\"2018-01-25T09:02:02+00:00\",\"dateModified\":\"2020-08-18T07:13:24+00:00\",\"breadcrumb\":{\"@id\":\"https:\/\/www.vercosrl.it\/de\/mechanische-dienstleistungen\/#breadcrumb\"},\"inLanguage\":\"de-DE\",\"potentialAction\":[{\"@type\":\"ReadAction\",\"target\":[\"https:\/\/www.vercosrl.it\/de\/mechanische-dienstleistungen\/\"]}]},{\"@type\":\"BreadcrumbList\",\"@id\":\"https:\/\/www.vercosrl.it\/de\/mechanische-dienstleistungen\/#breadcrumb\",\"itemListElement\":[{\"@type\":\"ListItem\",\"position\":1,\"item\":{\"@type\":\"WebPage\",\"@id\":\"https:\/\/www.vercosrl.it\/de\/\",\"url\":\"https:\/\/www.vercosrl.it\/de\/\",\"name\":\"Home\"}},{\"@type\":\"ListItem\",\"position\":2,\"item\":{\"@type\":\"WebPage\",\"@id\":\"https:\/\/www.vercosrl.it\/de\/mechanische-dienstleistungen\/\",\"url\":\"https:\/\/www.vercosrl.it\/de\/mechanische-dienstleistungen\/\",\"name\":\"Dienstleistungen\"}}]}]}<\/script>\n<!-- \/ Yoast SEO plugin. -->","_links":{"self":[{"href":"https:\/\/www.vercosrl.it\/de\/wp-json\/wp\/v2\/pages\/1045\/"}],"collection":[{"href":"https:\/\/www.vercosrl.it\/de\/wp-json\/wp\/v2\/pages\/"}],"about":[{"href":"https:\/\/www.vercosrl.it\/de\/wp-json\/wp\/v2\/types\/page\/"}],"author":[{"embeddable":true,"href":"https:\/\/www.vercosrl.it\/de\/wp-json\/wp\/v2\/users\/1\/"}],"replies":[{"embeddable":true,"href":"https:\/\/www.vercosrl.it\/de\/wp-json\/wp\/v2\/comments\/?post=1045"}],"version-history":[{"count":3,"href":"https:\/\/www.vercosrl.it\/de\/wp-json\/wp\/v2\/pages\/1045\/revisions\/"}],"predecessor-version":[{"id":1268,"href":"https:\/\/www.vercosrl.it\/de\/wp-json\/wp\/v2\/pages\/1045\/revisions\/1268\/"}],"wp:featuredmedia":[{"embeddable":true,"href":"https:\/\/www.vercosrl.it\/de\/wp-json\/wp\/v2\/media\/1283\/"}],"wp:attachment":[{"href":"https:\/\/www.vercosrl.it\/de\/wp-json\/wp\/v2\/media\/?parent=1045"}],"curies":[{"name":"wp","href":"https:\/\/api.w.org\/{rel}","templated":true}]}}

<h1>Verarbeitungen</h1>
<p>Jeder Verarbeitungsschritt, vom Entwurf bis zur Endkontrolle, wird intern von unseren Mitarbeitern durchgeführt. Dabei werden die neuesten verfügbaren Technologien genutzt, sowohl in der Entwurfssoftware als auch in der von den Maschinen durchgeführten Berechnung.</p>
<p>Der Auftrag, der durch ein bestimmtes Managementsystem überwacht wird, das es ermöglicht, den Fortschrittsstatus im Griff haben, folgt seinem Weg vom Schnitt bis zur Auslieferung.</p>

<p>Verarbeitungen Jeder Verarbeitungsschritt, vom Entwurf bis zur Endkontrolle, wird intern von unseren Mitarbeitern durchgeführt. Dabei werden die neuesten verfügbaren Technologien genutzt, sowohl in der Entwurfssoftware als auch in der von den Maschinen durchgeführten [&hellip;]</p>

<!-- This site is optimized with the Yoast SEO plugin v15.1 - https://yoast.com/wordpress/plugins/seo/ -->
<meta name="robots" content="index, follow, max-snippet:-1, max-image-preview:large, max-video-preview:-1" />
<link rel="canonical" href="https://www.vercosrl.it/de/mechanische-dienstleistungen/" />
<meta property="og:locale" content="de_DE" />
<meta property="og:type" content="article" />
<meta property="og:title" content="Dienstleistungen - Verco S.r.l. | Benne per escavatori | Pale Caricatrici | Brescia" />
<meta property="og:description" content="Verarbeitungen Jeder Verarbeitungsschritt, vom Entwurf bis zur Endkontrolle, wird intern von unseren Mitarbeitern durchgeführt. Dabei werden die neuesten verfügbaren Technologien genutzt, sowohl in der Entwurfssoftware als auch in der von den Maschinen durchgeführten [&hellip;]" />
<meta property="og:url" content="https://www.vercosrl.it/de/mechanische-dienstleistungen/" />
<meta property="og:site_name" content="Verco S.r.l. | Benne per escavatori | Pale Caricatrici | Brescia" />
<meta property="article:modified_time" content="2020-08-18T07:13:24+00:00" />
<meta property="og:image" content="https://www.vercosrl.it/content/uploads/2020/08/lavorazioni-meccaniche-benne-acciaio.jpg" />
	<meta property="og:image:width" content="1980" />
	<meta property="og:image:height" content="1020" />
<meta name="twitter:card" content="summary_large_image" />
<script type="application/ld+json" class="yoast-schema-graph">{"@context":"https://schema.org","@graph":[{"@type":"WebSite","@id":"https://www.vercosrl.it/de/#website","url":"https://www.vercosrl.it/de/","name":"Verco S.r.l. | Benne per escavatori | Pale Caricatrici | Brescia","description":"Produzione Benne per Escavatori, Pale Caricatrici, Macchine Demolizione","potentialAction":[{"@type":"SearchAction","target":"https://www.vercosrl.it/de/?s={search_term_string}","query-input":"required name=search_term_string"}],"inLanguage":"de-DE"},{"@type":"ImageObject","@id":"https://www.vercosrl.it/de/mechanische-dienstleistungen/#primaryimage","inLanguage":"de-DE","url":"https://www.vercosrl.it/content/uploads/2020/08/lavorazioni-meccaniche-benne-acciaio.jpg","width":1980,"height":1020,"caption":"Lavorazioni piegatura acciaio per realizzazione benne movimento terra e roccia"},{"@type":"WebPage","@id":"https://www.vercosrl.it/de/mechanische-dienstleistungen/#webpage","url":"https://www.vercosrl.it/de/mechanische-dienstleistungen/","name":"Dienstleistungen - Verco S.r.l. | Benne per escavatori | Pale Caricatrici | Brescia","isPartOf":{"@id":"https://www.vercosrl.it/de/#website"},"primaryImageOfPage":{"@id":"https://www.vercosrl.it/de/mechanische-dienstleistungen/#primaryimage"},"datePublished":"2018-01-25T09:02:02+00:00","dateModified":"2020-08-18T07:13:24+00:00","breadcrumb":{"@id":"https://www.vercosrl.it/de/mechanische-dienstleistungen/#breadcrumb"},"inLanguage":"de-DE","potentialAction":[{"@type":"ReadAction","target":["https://www.vercosrl.it/de/mechanische-dienstleistungen/"]}]},{"@type":"BreadcrumbList","@id":"https://www.vercosrl.it/de/mechanische-dienstleistungen/#breadcrumb","itemListElement":[{"@type":"ListItem","position":1,"item":{"@type":"WebPage","@id":"https://www.vercosrl.it/de/","url":"https://www.vercosrl.it/de/","name":"Home"}},{"@type":"ListItem","position":2,"item":{"@type":"WebPage","@id":"https://www.vercosrl.it/de/mechanische-dienstleistungen/","url":"https://www.vercosrl.it/de/mechanische-dienstleistungen/","name":"Dienstleistungen"}}]}]}</script>
<!-- / Yoast SEO plugin. -->
